, 658079
What are the prime factors of 125916?
2, 3, 7, 1499
What are the prime factors of 3205546?
2, 53, 30241
What are the prime factors of 8271609?
3, 37, 43, 1733
What are the prime factors of 25647596?
2, 13, 173, 2851
What are the prime factors of 430595?
5, 11, 7829
What are the prime factors of 21844?
2, 43, 127
What are the prime factors of 2189058?
2, 3, 397, 919
List the prime factors of 289949.
11, 43, 613
List the prime factors of 8532538.
2, 7, 17, 35851
What are the prime factors of 2614741?
383, 6827
What are the prime factors of 56557?
23, 2459
What are the prime factors of 197066?
2, 98533
List the prime factors of 328622.
2, 7, 23473
List the prime factors of 402840.
2, 3, 5, 373
List the prime factors of 400990.
2, 5, 40099
List the prime factors of 30906981.
3, 7, 43, 3803
What are the prime factors of 8925532?
2, 7, 11, 28979
What are the prime factors of 4151161?
7, 347, 1709
List the prime factors of 365918.
2, 7, 59, 443
What are the prime factors of 699995?
5, 139999
What are the prime factors of 1057003?
1057003
What are the prime factors of 1483330?
2, 5, 19, 37, 211
What are the prime factors of 1110188?
2, 277547
List the prime factors of 1343316.
2, 3, 13, 79, 109
What are the prime factors of 601686?
2, 3, 33427
What are the prime factors of 8008048?
2, 23, 47, 463
What are the prime factors of 3588383?
3588383
List the prime factors of 791195.
5, 229, 691
What are the prime factors of 11385963?
3, 269, 4703
List the prime factors of 1685220.
2, 3, 5, 28087
List the prime factors of 1907084.
2, 307, 1553
What are the prime factors of 921841?
921841
What are the prime factors of 5026846?
2, 11, 41, 5573
List the prime factors of 6402524.
2, 1600631
List the prime factors of 130721.
37, 3533
List the prime factors of 1619604.
2, 3, 7, 6427
What are the prime factors of 8375618?
2, 19, 220411
What are the prime factors of 347784?
2, 3, 43, 337
List the prime factors of 331681.
7, 967
List the prime factors of 2726680.
2, 5, 11, 6197
List the prime factors of 4497257.
293, 15349
What are the prime factors of 677644?
2, 11, 15401
What are the prime factors of 180383?
7, 73, 353
What are the prime factors of 5666721?
3, 1888907
List the prime factors of 37792174.
2, 7, 23, 241, 487
What are the prime factors of 2273182?
2, 23, 49417
What are the prime factors of 244977?
3, 37, 2207
What are the prime factors of 134204?
2, 7, 4793
List the prime factors of 8050054.
2, 4025027
List the prime factors of 3612708.
2, 3, 11, 3041
List the prime factors of 287404.
2, 13, 5527
What are the prime factors of 3276262?
2, 11, 148921
List the prime factors of 164054.
2, 11, 7457
List the prime factors of 23163206.
2, 11, 1052873
What are the prime factors of 1505702?
2, 11, 89, 769
List the prime factors of 723826.
2, 17, 61, 349
What are the prime factors of 12413219?
7, 13, 1499
List the prime factors of 4091487.
3, 1063, 1283
List the prime factors of 103397.
7, 14771
What are the prime factors of 1140162?
2, 3, 190027
What are the prime factors of 32054737?
11, 13, 43, 401
What are the prime factors of 2099046?
2, 3, 349841
List the prime factors of 761342.
2, 151, 2521
What are the prime factors of 138358?
2, 11, 19, 331
What are the prime factors of 20529645?
3, 5, 1368643
List the prime factors of 2993517.
3, 97, 127
What are the prime factors of 2661566?
2, 1330783
List the prime factors of 2270364.
2, 3, 137, 1381
List the prime factors of 1330775.
5, 53231
List the prime factors of 287088.
2, 3, 5981
What are the prime factors of 23814515?
5, 211, 22573
What are the prime factors of 572265?
3, 5, 157
What are the prime factors of 171366?
2, 3, 13
List the prime factors of 11900570.
2, 5, 11, 108187
List the prime factors of 9984489.
3, 3328163
List the prime factors of 123635.
5, 79, 313
List the prime factors of 349532.
2, 87383
What are the prime factors of 366539?
359, 1021
List the prime factors of 2728901.
7, 97, 4019
What are the prime factors of 877979?
23, 59, 647
List the prime factors of 372093.
3, 31, 4001
List the prime factors of 410484.
2, 3, 79, 433
What are the prime factors of 4757228?
2, 7, 23, 83, 89
What are the prime factors of 61422?
2, 3, 29, 353
List the prime factors of 805220.
2, 5, 13, 19, 163
What are the prime factors of 3014030?
2, 5, 301403
What are the prime factors of 3847614?
2, 3, 19, 33751
List the prime factors of 31238.
2, 15619
List the prime factors of 13082284.
2, 3270571
List the prime factors of 1136711.
257, 4423
What are the prime factors of 8970878?
2, 7, 640777
List the prime factors of 14253642.
2, 3, 13, 60913
What are the prime factors of 1835332?
2, 463, 991
What are the prime factors of 1218519?
3, 135391
List the prime factors of 3670625.
5, 7, 839
What are the prime factors of 1321534?
2, 23, 28729
List the prime factors of 4882360.
2, 5, 7, 47, 53
What are the prime factors of 18315204?
2, 3, 1526267
List the prime factors of 8042736.
2, 3, 13, 12889
What are the prime factors of 211666?
2, 7, 13, 1163
List the prime factors of 5908679.
7, 661, 1277
List the prime factors of 866945.
5, 41, 4229
What are the prime factors of 302326?
2, 151163
What are the prime factors of 4789798?
2, 13, 37, 383
What are the prime factors of 1239648?
2, 3, 37, 349
What are the prime factors of 2909196?
2, 3, 41, 73
What are the prime factors of 143691?
3, 211, 227
List the prime factors of 1363572.
2, 3, 7, 773
What are the prime factors of 816167?
11, 74197
List the prime factors of 16740222.
2, 3, 1163, 2399
List the prime factors of 727115.
5, 145423
List the prime factors of 243038.
2, 137, 887
What are the prime factors of 4122725?
5, 37, 4457
List the prime factors of 377486.
2, 173, 1091
What are the prime factors of 8737128?
2, 3, 121349
What are the prime factors of 24583002?
2, 3, 4097167
What are the prime factors of 3731556?
2, 3, 149, 2087
List the prime factors of 262222.
2, 131111
List the prime factors of 567692.
2, 347, 409
List the prime factors of 658245.
3, 5, 7, 6269
List the prime factors of 250255.
5, 50051
What are the prime factors of 9515?
5, 11, 173
List the prime factors of 434003.
131, 3313
What are the prime factors of 4897705?
5, 979541
List the prime factors of 21429.
3, 2381
List the prime factors of 825642.
2, 3, 45869
What are the prime factors of 5046198?
2, 3, 41, 73, 281
List the prime factors of 2497035.
3, 5, 61, 2729
List the prime factors of 15725283.
3, 7, 748823
What are the prime factors of 2544436?
2, 636109
List the prime factors of 1275374.
2, 17, 37511
List the prime factors of 36136.
2, 4517
List the prime factors of 244614.
2, 3, 59, 691
List the prime factors of 3304455.
3, 5, 7, 11, 2861
What are the prime factors of 26783?
26783
What are the prime factors of 162970?
2, 5, 43, 379
What are the prime factors of 1136928?
2, 3, 13, 911
What are the prime factors of 84218?
2, 17, 2477
List the prime factors of 1336170.
2, 3, 5, 11, 4049
What are the prime factors of 17590315?
5, 3518063
List the prime factors of 60829.
59, 1031
What are the prime factors of 559803?
3, 186601
List the prime factors of 30572575.
5, 11, 107, 1039
What are the prime factors of 342323?
19, 43, 419
What are the prime factors of 312399?
3, 103, 337
What are the prime factors of 4504107?
3, 1501369
List the prime factors of 8973011.
971, 9241
What are the prime factors of 310005?
3, 5, 83
What are the prime factors of 15969624?
2, 3, 11, 241, 251
What are the prime factors of 3068864?
2, 47951
What are the prime factors of 28341905?
5, 31, 182851
List the prime factors of 285380.
2, 5, 19, 751
List the prime factors of 3203135.
5, 13, 49279
What are the prime factors of 338343?
3, 29, 3889
List the prime factors of 955313.
955313
List the prime factors of 3638243.
7, 193, 2693
List the prime factors of 1894860.
2, 3, 5, 11, 29
List the prime factors of 32548347.
3, 13, 278191
List the prime factors of 2174578.
2, 7, 155327
List the prime factors of 298962.
2, 3, 17, 977
List the prime factors of 1170118.
2, 401, 1459
What are the prime factors of 4232773?
47, 90059
List the prime factors of 19289024.
2, 41, 7351
What are the prime factors of 158314?
2, 13, 6089
What are the prime factors of 65930?
2, 5, 19, 347
List the prime factors of 907173.
3, 33599
W